ctor of 102?
False
Does 27 divide 108?
True
Is 1800 a multiple of 18?
True
Is 64587 a multiple of 79?
False
Is 115 a factor of 20110?
False
Is 10397 a multiple of 37?
True
Is 71856 a multiple of 8?
True
Is 7 a factor of 12080?
False
Does 4 divide 2455?
False
Is 1125 a multiple of 15?
True
Does 6 divide 2329?
False
Is 67 a factor of 613?
False
Is 25462 a multiple of 13?
False
Is 3 a factor of 99?
True
Is 17 a factor of 969?
True
Does 12 divide 204?
True
Is 377 a multiple of 13?
True
Does 40 divide 54?
False
Is 4043 a multiple of 71?
False
Does 10 divide 95650?
True
Is 146 a factor of 16487?
False
Is 198 a multiple of 9?
True
Is 13375 a multiple of 29?
False
Does 28 divide 1232?
True
Is 9 a factor of 117?
True
Is 25207 a multiple of 13?
True
Does 62 divide 182?
False
Is 7 a factor of 7678?
False
Does 6 divide 2544?
True
Is 10075 a multiple of 31?
True
Is 107 a factor of 102506?
True
Does 90 divide 27279?
False
Is 769 a multiple of 72?
False
Is 6 a factor of 19023?
False
Does 9 divide 117?
True
Is 3275 a multiple of 34?
False
Is 20 a factor of 3020?
True
Is 78 a factor of 3120?
True
Is 13207 a multiple of 281?
True
Is 14 a factor of 1566?
False
Does 49 divide 19208?
True
Does 22 divide 3876?
False
Does 9 divide 33939?
True
Is 43 a factor of 1285?
False
Does 13 divide 39?
True
Is 70 a multiple of 10?
True
Is 12 a factor of 21599?
False
Is 1343 a multiple of 17?
True
Is 5846 a multiple of 158?
True
Is 37 a factor of 3227?
False
Is 80 a factor of 6438?
False
Does 216 divide 80352?
True
Does 89 divide 59185?
True
Is 1439 a multiple of 93?
False
Is 8 a factor of 7320?
True
Does 20 divide 220?
True
Does 16 divide 64?
True
Does 22 divide 123?
False
Is 24 a factor of 2904?
True
Does 87 divide 1112?
False
Does 113 divide 1130?
True
Does 35 divide 648?
False
Does 13 divide 688?
False
Is 13 a factor of 1054?
False
Is 199 a multiple of 5?
False
Is 2534 a multiple of 20?
False
Is 55 a factor of 1712?
False
Does 19 divide 3800?
True
Is 76 a factor of 123892?
False
Is 7614 a multiple of 33?
False
Is 3785 a multiple of 35?
False
Is 6982 a multiple of 42?
False
Is 463 a multiple of 3?
False
Is 1092 a multiple of 28?
True
Is 32 a factor of 4608?
True
Does 137 divide 73843?
True
Does 6 divide 3380?
False
Is 24 a factor of 1992?
True
Does 27 divide 270?
True
Is 7553 a multiple of 90?
False
Is 793 a multiple of 6?
False
Is 24521 a multiple of 7?
True
Does 12 divide 623?
False
Is 8554 a multiple of 182?
True
Does 46 divide 106989?
False
Is 276 a multiple of 6?
True
Does 41 divide 16845?
False
Does 6 divide 629?
False
Does 118 divide 854?
False
Does 22 divide 6692?
False
Is 2 a factor of 74?
True
Is 40 a factor of 17753?
False
Does 52 divide 264?
False
Does 10 divide 380?
True
Does 4 divide 2872?
True
Does 3 divide 13102?
False
Is 16614 a multiple of 78?
True
Is 63 a factor of 734?
False
Is 4 a factor of 313?
False
Is 2 a factor of 3074?
True
Does 40 divide 1024?
False
Is 6270 a multiple of 110?
True
Is 1989 a multiple of 39?
True
Is 6 a factor of 1344?
True
Is 6 a factor of 8514?
True
Is 13648 a multiple of 102?
False
Is 25 a factor of 17325?
True
Is 29 a factor of 1739?
False
Is 9 a factor of 17043?
False
Does 15 divide 13810?
False
Is 104 a multiple of 3?
False
Does 60 divide 12575?
False
Is 5 a factor of 87?
False
Is 520 a multiple of 8?
True
Is 32 a factor of 864?
True
Is 1334 a multiple of 33?
False
Does 9 divide 482?
False
Is 760 a multiple of 19?
True
Is 6382 a multiple of 21?
False
Is 1660 a multiple of 57?
False
Is 2595 a multiple of 9?
False
Is 552 a multiple of 21?
False
Is 35 a factor of 15253?
False
Is 13 a factor of 25688?
True
Does 40 divide 840?
True
Is 190 a factor of 35340?
True
Is 1185 a multiple of 15?
True
Does 5 divide 107?
False
Is 2 a factor of 1127?
False
Is 97 a factor of 388?
True
Is 240 a factor of 24480?
True
Does 5 divide 9517?
False
Does 24 divide 2544?
True
Is 243 a multiple of 57?
False
Does 14 divide 2618?
True
Is 36 a factor of 15948?
True
Is 2494 a multiple of 99?
False
Is 630 a multiple of 30?
True
Is 124 a multiple of 4?
True
Does 3 divide 78?
True
Does 22 divide 289?
False
Does 5 divide 6379?
False
Is 33 a factor of 5907?
True
Does 17 divide 55423?
False
Is 909 a multiple of 22?
False
Does 23 divide 184?
True
Is 1543 a multiple of 4?
False
Is 3244 a multiple of 13?
False
Does 5 divide 8442?
False
Does 45 divide 828?
False
Is 2613 a multiple of 13?
True
Does 8 divide 1712?
True
Is 81 a factor of 12367?
False
Is 2127 a multiple of 11?
False
Does 40 divide 44400?
True
Is 70652 a multiple of 174?
False
Is 1913 a multiple of 22?
False
Is 79 even?
False
Does 10 divide 258?
False
Is 85 a factor of 6484?
False
Is 16416 a multiple of 18?
True
Is 452 a multiple of 9?
False
Does 5 divide 203?
False
Is 16 a factor of 35536?
True
Is 91 a factor of 1373?
False
Is 106 a multiple of 5?
False
Does 9 divide 296?
False
Does 47 divide 2546?
False
Is 21644 a multiple of 14?
True
Is 37 a factor of 1813?
True
Is 38 a factor of 89477?
False
Is 69 a factor of 6527?
False
Is 2783 a multiple of 33?
False
Is 2967 a multiple of 7?
False
Does 40 divide 7002?
False
Does 67 divide 16750?
True
Is 8866 a multiple of 112?
False
Is 105512 a multiple of 218?
True
Is 13 a factor of 130?
True
Is 67 a factor of 91?
False
Is 17 a factor of 323?
True
Is 25956 a multiple of 63?
True
Is 17 a factor of 35362?
False
Does 9 divide 2087?
False
Does 17 divide 1462?
True
Does 41 divide 488?
False
Does 242 divide 69938?
True
Does 54 divide 113400?
True
Is 21 a factor of 22493?
False
Is 1093 a multiple of 28?
False
Is 19 a factor of 40033?
True
Is 24 a factor of 456?
True
Is 1405 a multiple of 44?
False
Does 24 divide 1416?
True
Does 27 divide 8048?
False
Does 3 divide 252?
True
Is 98 a factor of 490?
True
Is 3 a factor of 453?
True
Is 63013 a multiple of 61?
True
Is 3 a factor of 11308?
False
Is 118 a factor of 7122?
False
Is 47 a factor of 470?
True
Does 22 divide 1078?
True
Is 19 a factor of 570?
True
Does 28 divide 187?
False
Is 59 a factor of 19942?
True
Does 16 divide 3408?
True
Does 26 divide 483?
False
Is 73 a factor of 2015?
False
Is 58542 a multiple of 45?
False
Does 10 divide 127?
False
Does 34 divide 2110?
False
Does 36 divide 3276?
True
Is 309 a multiple of 18?
False
Is 11531 a multiple of 13?
True
Is 9 a factor of 1258?
False
Is 7353 a multiple of 121?
False
Is 1908 a multiple of 2?
True
Is 58 a factor of 1911?
False
Is 10 a factor of 2873?
False
Is 4875 a multiple of 13?
True
Does 19 divide 488?
False
Is 10699 a multiple of 19?
False
Is 13884 a multiple of 52?
True
Is 1309 a multiple of 24?
False
Is 14025 a multiple of 78?
False
Does 53 divide 2530?
False
Is 28983 a multiple of 348?
False
Is 7367 a multiple of 10?
False
Is 30 a factor of 3860?
False
Is 24948 a multiple of 42?
True
Does 4 divide 220?
True
Is 21337 a multiple of 11?
False
Is 67261 a multiple of 95?
False
Is 45 a factor of 79110?
True
Is 49 a factor of 1517?
False
Is 2 a factor of 2246?
True
Is 38969 a multiple of 19?
True
Is 32 a factor of 44541?
False
Is 13 a factor of 6059?
False
Does 43 divide 5271?
False
Does 10 divide 165?
False
Does 14 divide 1316?
True
Is 3045 a multiple of 105?
True
Is 531 a multiple of 16?
False
Is 18 a factor of 1839?
False
Is 829 a multiple of 17?
False
Is 42900 a multiple of 204?
False
Does 29 divide 428?
False
Is 40 a factor of 6720?
True
Is 29529 a multiple of 193?
True
Is 8613 a multiple of 13?
False
Does 89 divide 23407?
True
Is 145 a multiple of 18?
False
Is 1020 a multiple of 7?
False
Is 14 a factor of 308?
True
Is 157 a factor of 2669?
True
Is 76 a factor of 8223?
False
Is 52 a multiple of 13?
True
Is 4721 a multiple of 33?
False
Is 135 a factor of 38745?
True
Does 18 divide 5346?
True
Does 7 divide 49?
True
Does 6 divide 210?
True
Does 218 divide 4360?
True
Is 1008 a multiple of 24?
True
Is 38720 a multiple of 5?
True
Does 18 divide 3441?
False
Is 24 a factor of 1063?
False
Does 16 divide 3232?
True
Does 18 divide 26730?
True
Is 34 a factor of 1802?
True
Is 4080 a multiple of 34?
True
Is 2523 a multiple of 29?
True
Is 209 a factor of 139483?
False
Is 2136 a multiple of 12?
True
Is 1606 a multiple of 11?
True
Is 452 a multiple of 48?
False
Is 2587 a multiple of 19?
False
Is 60 a factor of 1307?
False
Does 51 divide 8735?
False
Is 27 even?
False
Does 14 divide 6